z) = 0*z**3 + 2*z + 2*z**3 + 17*z**2 + 5*z + 69 - 62. Let u(b) = c(b) - 3*f(b). Is u(9) a composite number?
False
Suppose 0 = 2*k - 5*b - 7 + 1, -6 = -2*k + b. Let z(u) = 5278*u + 135. Is z(k) a prime number?
False
Let r(n) = 1 + 4*n**2 - 1 + 5 + 3 - 9*n. Let c = -33 + 42. Is r(c) composite?
False
Suppose 2*w + 278605 - 1009480 = -5*g, -w + 438526 = 3*g. Is g a prime number?
False
Suppose 0 = 3*h - 6*h + 4*a + 90430, -2*a - 60290 = -2*h. Suppose -4*m = -4*r - 24112, 5*m + 0*m + 5*r = h. Is m prime?
True
Let p(t) = -690809*t - 383. Is p(-2) a composite number?
True
Let b(l) = -4*l**3 - 35*l**2 + 7*l + 16. Let f be b(-9). Suppose 0 = -f*t + 9*t + 207775. Is t a composite number?
False
Let y(u) = u. Let q be y(8). Let z(k) = -k**2 + 2. Let a(l) = 10*l**2 + l - 11. Let i(p) = a(p) + 4*z(p). Is i(q) a composite number?
False
Is (-1)/3*(9 + -6)*-14269 - 2 a prime number?
False
Suppose 76*f = 87*f - 377894. Suppose 12*n - 93314 = f. Is n a prime number?
True
Let r(z) = 12*z + 53*z**3 + 2 - 4 + 0 - 9 - 38*z**2 + 13. Is r(5) composite?
False
Is 45402819/(-42)*102/(-187) prime?
False
Let g(w) = -2*w - 12. Let s be g(-13). Suppose -s*o + 28 = -7*o. Suppose 0*j + 2*m - 3652 = -2*j, -3*m = o*j - 7301. Is j composite?
False
Let j(h) = h**3 - 7*h**2 + 2. Let g be j(7). Let a(k) = 228*k**3 - 4*k**2 + 8*k - 3. Let m be a(g). Suppose -4*q = -183 - m. Is q composite?
True
Suppose -3*r = -5*f + 71 + 899, -20 = 4*r. Suppose -p + f = -w, -3*w + 186 = -4*w - 4*p. Let g = w - -887. Is g composite?
True
Let u be (1*6)/(20/(-30)). Let b = 12 + u. Suppose 2*o = 3*r - 529, -b*o = 5*r - 6*o - 882. Is r a composite number?
True
Let r = -57685 + 190596. Is r a prime number?
True
Let r = 5 + -5. Suppose -4*q + 47407 - 12063 = r. Suppose -52*o = -56*o + q. Is o composite?
True
Let s be (9/6)/((-9)/(-72)) + 0. Suppose 2*y - 11453 = 5*a, 7*a - s*a = -25. Is y prime?
False
Suppose 3*s = 162724 + 108236. Suppose -4*r + 70109 = x, -3*x = 4*r - s + 20209. Is r prime?
False
Suppose 10*i - 59905 = 5*i. Suppose -4*q + 2*k = -15974, 3*q - 3*k + k = i. Is q + (4 - (5 - -1)) prime?
False
Let m(q) = -3*q - 51. Let k be m(-15). Let d be 8*(-3)/k + 6 + -2. Suppose -41172 = -4*a - d*a. Is a a prime number?
False
Let v be (1*3/(-6)*0)/2. Suppose v = 4*k - 74 + 62. Suppose -k*j = 4*t - 64, 5*t + 3*j = 12 + 71. Is t a prime number?
True
Suppose 0 = -5*m - 2*d + 42727, 0 = -5*m - 302*d + 304*d + 42723. Is m prime?
False
Let o be (-67)/(3 + (0 - 4)). Suppose -3*m = -o + 25. Is 14/(-98) + 2508/m a composite number?
False
Let j = 123446 + -83685. Is j composite?
False
Let v be (-34)/(-289) - 1970/(-17). Suppose 121*h - v*h = 202165. Is h prime?
True
Let h be (-136)/51*(-9)/4 + -1. Is (h - (-2 + 1)) + 4417 composite?
False
Suppose 7*c - 10*c + 82507 = 4*t, 0 = 3*t + 5*c - 61883. Suppose -t - 87543 = -23*x. Is x a composite number?
False
Let x be ((-8)/7)/(24/(-84)). Is (-2)/((-24)/2001)*x prime?
False
Suppose 98*w = 119*w - 63. Is (-1)/w*(15 + 9 + -6633) a prime number?
True
Let z(p) = -55*p**2 + p - 2. Let o(h) = 110*h**2 + 5. Let n(i) = -3*o(i) - 7*z(i). Is n(3) prime?
False
Let h(f) = -6275*f - 4. Let l be h(-1). Suppose 0 = 2*i - 4443 - l. Is i a prime number?
False
Suppose -722430 = -11*t + 7*t + 2*j, 5*j = -5. Is t a prime number?
False
Suppose 4*j + 22829 = -1991. Let s(n) = 4*n - 182. Let a be s(44). Is 4/a - j/15 a prime number?
False
Suppose -5*u = -0*u - 2*d + 59, -5*u = -3*d + 61. Let p = 7 + u. Is 6 + p - (-1060 + -2)/2 a prime number?
False
Suppose 5*z - 123143 = -33418. Suppose -36 = -63*f + 51*f. Suppose -z = -f*b - 2*b. Is b a composite number?
True
Let y(w) = -3*w + 7*w**2 - 180 - 2*w**3 + 13*w**2 + 185. Is y(-8) a prime number?
True
Let j = 323376 + -202733. Is j composite?
True
Let t(y) = -87*y**3 - 8*y**2 + 12*y + 42. Let d = -390 - -383. Is t(d) prime?
False
Let q = -19 - -37. Suppose 0*z - 9*z + q = 0. Is (0 + -1)/(z + 5022/(-2510)) a composite number?
True
Suppose -5*y + 4417 = -5*s + 82502, 0 = -2*s - 4*y + 31246. Is s prime?
True
Let g(q) = -2*q**2 + 51*q - 29. Let s be g(28). Let m = 16 - s. Is m prime?
False
Let y(u) = -u**3 + 30*u**2 - 24*u - 13. Let b be y(-13). Suppose 7544 + b = 10*g. Is g prime?
True
Suppose 0 = -12*q + 38093 + 490591. Suppose -9*g - 4*g = -q. Is g a prime number?
True
Let i(x) = 5*x**3 - 5*x**2 + 33*x + 40. Is i(27) a composite number?
False
Let i(f) = -4*f**2 + 11*f + 9. Let x be i(17). Let j = 297 - x. Is j prime?
False
Suppose -2*w - 2632 - 712 = 5*i, 0 = -5*w - i - 8406. Let z = w + 3696. Suppose 0*k + 3*r - 5049 = -5*k, 2*k = -4*r + z. Is k a composite number?
True
Let k(c) = 376*c + 7. Suppose w + 5*p + 85 = -2*w, 5*w = p - 151. Let n = w + 33. Is k(n) composite?
True
Let k be 4 + 3/6*0 + 3. Suppose -q = -5*u + 27341, 2*u + k*q = 2*q + 10958. Is u prime?
False
Let l be ((-1)/(125/(-30) + 4))/2. Suppose -4*k + l*x = -5*k + 5705, -2*x = -3*k + 17137. Is k a prime number?
True
Suppose -7*v + 386508 = 2*r - 5*v, -5*r + 3*v = -966310. Is r prime?
False
Suppose -169868 - 28110 = -22*w. Is w composite?
False
Let q = -44765 - -926026. Is q composite?
True
Let f(h) = h**2 - 162*h - 2. Is f(-7) composite?
False
Suppose -11*f - 65*f + 5809516 = 0. Is f prime?
True
Let w(b) = b**3 - 2*b**2 + 22. Let x be w(0). Suppose -q - x = 9. Let k = 68 + q. Is k a prime number?
True
Let r(i) = 0*i**2 + 6*i - 9 + i**2 + 23. Suppose -3*q - 3*w = 51, 0 = -q + 5*w + 3 - 8. Is r(q) composite?
False
Suppose 0 = -20*p + 396985 + 1528195. Is p a composite number?
False
Let d = -481747 + 732206. Is d prime?
False
Let z(b) = -3778*b - 203. Is z(-4) a composite number?
True
Let t(x) = 29060*x - 109. Is t(4) prime?
True
Let f(s) = 2816*s**2 - 6*s - 5. Let v(i) = -2816*i**2 + 9*i + 6. Let x(b) = 5*f(b) + 4*v(b). Is x(-1) a prime number?
False
Let h be -1 + 0 - (16 + 855). Suppose 5*w = 2*z + 7072 + 1769, 4*w + 4*z = 7056. Let x = h + w. Is x composite?
True
Let q(o) = -158*o + 120*o - 95*o - 85 - 378*o. Is q(-14) prime?
True
Suppose 4*a + 3*u = 463701, 33684 + 82243 = a - u. Suppose -11*z + a = 13703. Is z a composite number?
False
Suppose 10*c = 36*c - 790114. Is c composite?
False
Let n(f) = -f**3 - 12*f**2 + 6*f + 76. Let i be n(-12). Suppose i*g + 5*a - 1153 = 844, 2*g = 4*a + 966. Is g prime?
False
Let i = 258247 - 84896. Is i a prime number?
False
Suppose -82422473 + 25339761 = -148*o. Is o prime?
False
Suppose -112*y + 107*y - 5*i + 253320 = 0, 2*y - 5*i - 101279 = 0. Is y a prime number?
False
Let w be -2 + 4 + (1 - (0 - 1)). Suppose -2*r = w*r + 14610. Let v = -1268 - r. Is v a composite number?
True
Let a(n) = -250*n**3 + 7*n**2 - 1. Let j(f) = 248*f**3 - 6*f**2 + 1. Let t(u) = 5*a(u) + 6*j(u). Is t(2) prime?
True
Let a(d) = 325*d**2 + 9*d - 7. Let q be a(-22). Suppose -24*b + 33*b - q = 0. Is b a prime number?
False
Let c be (14 - 1) + (26 - 28). Is c/(-66) + 34/(-12) + 6502 prime?
False
Let n be 3/(-9)*(-75612)/(-4)*-4. Let g = n - 13623. Suppose -6*s + g - 1315 = 0. Is s composite?
True
Let r = -24 + 26. Let w be (-20)/(-30) - (-7)/(-3)*r. Is (0 - 1) + w + 2104 a prime number?
True
Suppose -4*y + 2*a = -1081636, -4*a = -117*y + 114*y + 811237. Is y composite?
False
Let j be 18/(-90) + (-26)/(-5). Suppose -3*b - 18 = -j*b + 3*h, 4*h = -16. Is b/4 - 28449/(-36) a prime number?
False
Let x = 9126 - -3241. Is x a composite number?
True
Let y = -88973 - -435124. Is y a prime number?
False
Suppose 17*v + 16*v - 99 = 0. Suppose -v*i + 2*x + 8463 = 0, 2*i + 10*x - 5635 = 9*x. Is i composite?
False
Is 33803330/70 + 54/189 a prime number?
False
Let c(j) = 514*j**2 - 75*j - 893. Is c(-22) a prime number?
True
Let y = -246 - -368. Let v = y - 117. Suppose 2*o + 4*k = -0*k + 10318, -v*k + 5165 = o. Is o a composite number?
True
Let u(c) = -23*c**3 + c**2 + 1. Let h be u(-3). Let q(p) = 53*p**2 + 41*p + 505. Let d be q(-12). Suppose h - d = -6*j. Is j composite?
True
Let m(i) = 2*i + 3. Let t be m(0). Suppose 0 = -t*n - 2*n + 26180. Suppose 0 = -4*j - 0*o - 4*o + n, -2*j - 3*o = -2614. Is j prime?
False
Suppose 5*p = -4*z + 19492, 4*z - 704*p + 701*p = 19492. Is z composite?
True
Let g(m) = 384*m + 59. Let j be g(18). Suppose 5*a = -2*x + j, 4*a - 3898 - 10014 = -4*x. Is x a prime number?
False
Suppose -5*x + 2410 = -0*x. Let b = x + -227. Suppose 2*a + 3*q = 538, 0*a - 2*q -